se 14
-b9a72
What is 10000110010000101000 (base 2) in base 3?
1000221100201
-1b95c (base 15) to base 5
-10333422
What is -11250032 (base 7) in base 8?
-3607322
-86a6 (base 15) to base 4
-12331122
What is 7532554 (base 8) in base 5?
1003400044
Convert -32033022 (base 5) to base 4.
-1001121233
Convert -222012120 (base 3) to base 10.
-19104
103120 (base 5) to base 12
2067
Convert 4623078 (base 11) to base 5.
4032222120
Convert 3004426 (base 7) to base 11.
222405
Convert -10101011001111011100 (base 2) to base 4.
-2223033130
Convert 113445 (base 7) to base 4.
10333302
1200201201 (base 3) to base 10
33337
10434166 (base 7) to base 12
374617
Convert 30b35 (base 13) to base 4.
111120202
143190 (base 10) to base 8
427526
What is 5de9a (base 16) in base 5?
44302131
What is 23341001 (base 5) in base 2?
110100100001010110
What is 102331113 (base 4) in base 14?
2042b
Convert -1705295 (base 10) to base 9.
-3178202
What is 79142 (base 11) in base 7?
655131
1301330324 (base 5) to base 11
1863132
What is 117d5a7 (base 14) in base 5?
4120414241
203001102 (base 5) to base 8
3121565
-22203204 (base 5) to base 8
-573203
Convert -1452084 (base 9) to base 6.
-25104504
What is -abb (base 15) in base 9?
-3285
What is -2069a2 (base 11) in base 4?
-1100320121
Convert 32522 (base 14) to base 9.
205003
What is -514575 (base 10) in base 16?
-7da0f
234443242 (base 5) to base 13
2c39ac
Convert 13452012 (base 6) to base 13.
130583
-7aa47 (base 11) to base 4
-130211002
-1f09d4 (base 16) to base 15
-2a2a8c
What is 1302020220 (base 5) in base 2?
1100000010111000111000
What is -114123124 (base 5) in base 9?
-1006268
155054254 (base 6) to base 12
114138a
What is -12102342 (base 5) in base 6?
-2230235
What is 118231 (base 10) in base 4?
130313113
-2d15b (base 16) to base 5
-21402132
22200220221012 (base 3) to base 13
c5b8c2
Convert -2333320232 (base 5) to base 14.
-9db043
-81527 (base 14) to base 4
-1023330233
3567471 (base 9) to base 5
443400200
-6b70b3 (base 12) to base 3
-10021001200000
What is 1312301 (base 7) in base 3?
22200222122
162470 (base 11) to base 14
67c48
-87a08 (base 11) to base 9
-214107
What is 10504665 (base 9) in base 3?
100120011202012
Convert -6ca78 (base 14) to base 13.
-93ac4
Convert a8917 (base 14) to base 6.
12424225
What is 43403022 (base 5) in base 6?
11551234
What is 1001000110101110110 (base 2) in base 15?
5d608
Convert 2020201022121 (base 3) to base 9.
2221277
Convert -179177 (base 12) to base 10.
-409771
What is 42496 (base 15) in base 14?
568cb
Convert 5e7e0c (base 16) to base 4.
113213320030
What is 50445 (base 7) in base 12?
70b6
What is -1011110101001011001 (base 2) in base 9?
-650707
What is -9e9d (base 16) in base 5?
-2244410
-151342 (base 8) to base 4
-31023202
-34662063 (base 7) to base 12
-1035270
-94123 (base 10) to base 7
-541261
What is -20100221121121 (base 3) in base 13?
-916657
Convert 9691 (base 13) to base 7.
114643
Convert 11110111111011 (base 2) to base 7.
64155
-13068058 (base 10) to base 2
-110001110110011100011010
Convert 1832031 (base 14) to base 16.
b6630b
Convert 111200100122202 (base 3) to base 11.
4116122
Convert -921373 (base 12) to base 16.
-22d6c7
1619190 (base 12) to base 7
53244525
356676 (base 8) to base 2
11101110110111110
142414210 (base 6) to base 2
1011001010010110111110
22625246 (base 7) to base 8
7456363
Convert -7c928 (base 14) to base 15.
-5ee7a
Convert 22120331301 (base 4) to base 6.
134213413
What is -30320230103 (base 4) in base 11?
-19a7994
Convert -452454104 (base 6) to base 12.
-291a334
What is 322447 (base 8) in base 10?
107815
-18372816 (base 9) to base 12
-3126750
38209 (base 14) to base 5
13400401
What is -10222231122 (base 4) in base 9?
-2264310
What is -51612e (base 16) in base 7?
-63221651
What is 326401 (base 8) in base 11?
75571
Convert 34211554 (base 6) to base 15.
1593aa
1101001001011111 (base 2) to base 16
d25f
What is -2215710 (base 8) in base 3?
-1010022211202
What is 5233203 (base 10) in base 8?
23755063
2613912 (base 11) to base 10
4529164
What is -38701 (base 13) in base 11?
-71519
-caa487 (base 13) to base 11
-27641a3
What is 1027488 (base 11) in base 7?
21251061
-10211200011221 (base 3) to base 2
-111110010001100011100
Convert -15324e (base 15) to base 3.
-1220222111102
What is 1213200033 (base 5) in base 3?
12101120220221
-1101100000011011101 (base 2) to base 10
-442589
What is 1313200303 (base 4) in base 16?
77833
What is 512045550 (base 6) in base 14?
1246c9c
Convert -39a99 (base 14) to base 15.
-2c144
-37982 (base 14) to base 9
-227012
What is -13767747 (base 8) in base 10?
-3141607
Convert 1022210122011020 (base 3) to base 11.
a815803
What is -335043 (base 9) in base 7?
-1463406
-2410212433 (base 5) to base 7
-65131523
What is -3896145 (base 12) in base 8?
-52411105
What is -1242666 (base 7) in base 9?
-266063
2312011101 (base 4) to base 10
745809
What is -1011226 (base 9) in base 13?
-15b3b2
What is 4239 (base 16) in base 2?
100001000111001
What is 7831812 (base 9) in base 13?
b46b33
-12100020200 (base 3) to base 11
-72007
What is 1212120011011 (base 3) in base 14?
1bc977
-2a8df3 (base 16) to base 4
-22220313303
Convert -2820675 (base 11) to base 4.
-102202322310
73a390 (base 11) to base 8
4412434
1220112020220 (base 3) to base 10
1014225
Convert -b56cd (base 15) to base 7.
-4614145
-856946 (base 10) to base 13
-24008c
Convert -2a1e38 (base 15) to base 13.
-561923
What is 2133003 (base 4) in base 14?
39d1
-43033221 (base 5) to base 3
-200101010210
162366 (base 8) to base 6
1131210
What is -100010111001011010001 (base 2) in base 14?
-21aa2d
What is 201322310013 (base 4) in base 10?
8891655
-4b5b59 (base 13) to base 11
-1028640
Convert -60741 (base 12) to base 13.
-4515a
Convert -100000000000001100101111 (base 2) to base 7.
-131210650
112201332103 (base 4) to base 9
12101851
Convert bb2b7 (base 14) to base 12.
19a401
-11000110001100001 (base 2) to base 4
-120301201
10310111313 (base 4) to base 14
24c39d
22001011201 (base 3) to base 9
261151
Convert -2102310113 (base 4) to base 7.
-5053154
-290393 (base 12) to base 11
-428584
Convert 447654 (base 9) to base 12.
10b17a
Convert 279a926 (base 11) to base 6.
251123231
What is -5724 (base 14) in base 9?
-22664
What is -121012013300 (base 4) in base 5?
-3141004142
Convert 10404327 (base 8) to base 9.
4168578
-85dac (base 14) to base 7
-2515605
-825702 (base 12) to base 14
-3b2134
What is -10321333 (base 4) in base 5?
-1120340
What is 10220122130 (base 4) in base 11?
75a1a5
What is -300333222 (base 4) in base 8?
-607752
-4141799 (base 11) to base 7
-116055355
What is -13c653 (base 13) in base 5?
-111000142
-21301341 (base 5) to base 4
-230103133
What is -1428553 (base 10) in base 12?
-58a861
Convert 124924 (base 12) to base 15.
5d6ca
Convert -16455155 (base 7) to base 4.
-12021023222
Convert -1336778 (base 11) to base 7.
-25420365
Convert 151c4 (base 16) to base 2.
10101000111000100
-2011430 (base 7) to base 8
-721263
Convert 111110011111000010101100 (base 2) to base 9.
33735214
Convert -64631244 (base 8) to base 7.
-225434642
Convert -1230332030 (base 4) to base 3.
-211200021102
Convert -35042541 (base 6) to base 14.
-20128d
121513453 (base 6) to base 9
4336216
Convert -151424041 (base 6) to base 8.
-14034731
Convert -11010001110000 (base 2) to base 14.
-4c6c
Convert 47930 (base 16) to base 3.
112220011002
c6cb (base 15) to base 16
a439
12a90b (base 13) to base 4
1232111031
What is -2000110022 (base 3) in base 6?
-503442
What is 210520253 (base 6) in base 7?
43200015
What is 88517a (base 11) in base 16?
158d2f
What is -213751 (base 9) in base 3?
-20110211201
What is -251244 (base 8) in base 15?
-1aa47
What is -21313223 (base 5) in base 3?
-100021002100
What is a92a3 (base 12) in base 3?
102100100020
What is -100231500 (base 6) in base 16?
-19ee7c
What is e6e7 (base 15) in base 7?
262216
What is 993864 (base 10) in base 14?
1bc2a4
Convert -381221b (base 12) to base 11.
-6215296
Convert -30858 (base 9) to base 8.
-47640
What is -11012022101120 (base 3) in base 13?
-601203
-95585 (base 10) to base 6
-2014305
What is 4e500 (base 16) in base 15?
65098
Convert -1212012011122 (base 3) to base 7.
-11253143
-3a0f1f (base 16) to base 13
-a32b72
33c1a5 (base 14) to base 12
70b805
-374901 (base 12) to base 4
-3123230101
Convert 20011121010020 (b